{"id":42,"date":"2021-06-08T17:07:57","date_gmt":"2021-06-08T17:07:57","guid":{"rendered":"http:\/\/mudancasdifranca.com.br\/portal\/home\/"},"modified":"2024-09-05T11:54:08","modified_gmt":"2024-09-05T11:54:08","slug":"home","status":"publish","type":"page","link":"http:\/\/mudancasdifranca.com.br\/portal\/","title":{"rendered":"HOME"},"content":{"rendered":"\n<h3>Nossos\u00a0Servi\u00e7os<\/h3>\n<p>Sua mudan\u00e7a est\u00e1 em boas m\u00e3os.\u00a0 A empresa possui seguro seguro de transporte e armazenamento pela seguradora Porto Seguro.<\/p>\n<p>Para garantir a prote\u00e7\u00e3o da sua mudan\u00e7a comercial e residencial e minimizar riscos e inconvenientes durante as opera\u00e7\u00f5es de transporte, dispomos de frota pr\u00f3pria, com ve\u00edculos equipados e adequados a todas as necessidades, al\u00e9m de uma equipe altamente treinada, atenta \u00e0s exig\u00eancias e detalhes que asseguram a qualidade do servi\u00e7o prestado.<\/p>\n<p>#Idoneidade<\/p>\n<p>Assegurar a qualidade dos servi\u00e7os e a satisfa\u00e7\u00e3o dos clientes: essa \u00e9 a pol\u00edtica que orienta a atua\u00e7\u00e3o da Mudan\u00e7as Di-Franca. Com uma equipe altamente qualificada e pronta para atend\u00ea-lo com agilidade e efici\u00eancia, a empresa presta servi\u00e7os personalizados, com qualidade reconhecida e atestada.<\/p>\n<p>Atuando no segmento de mudan\u00e7as, cargas nobres, eventos e guarda-m\u00f3veis, a empresa oferece cobertura securit\u00e1ria em todos os servi\u00e7os, cobrindo qualquer tipo de avaria e riscos mediante seguro total do patrim\u00f4nio do cliente.<\/p>\n<p>#Sustentabilidade<\/p>\n<p>Os servi\u00e7os de mudan\u00e7a utilizam um volume consider\u00e1vel de materiais descart\u00e1veis \u2013 como isopores, papel\u00f5es e pl\u00e1sticos \u2013 para o armazenamento e transporte seguro dos materiais. Com uma atua\u00e7\u00e3o ecol\u00f3gica e sustent\u00e1vel, procuramos\u00a0desembalar todo conte\u00fado poss\u00edvel na entrega de sua mudan\u00e7a para coletar e destinar o material \u00e0 reciclagem.<\/p>\n<p>Caso n\u00e3o seja poss\u00edvel desembalar toda a mudan\u00e7a no ato da entrega, a empresa disponibiliza um servi\u00e7o de coleta deste material atrav\u00e9s dos canais:<\/p>\n<p><strong>E-mail:<\/strong> mdf@mudancasdifranca.com.br \/ <strong>Tels:<\/strong> (16) 3701-8010 | 3701-8011<\/p>\n<p><img loading=\"lazy\" decoding=\"async\" src=\"https:\/\/mudancasdifranca.com.br\/portal\/wp-content\/uploads\/2021\/06\/2020-09-13.png\" sizes=\"auto, (max-width: 400px) 100vw, 400px\" srcset=\"https:\/\/mudancasdifranca.com.br\/portal\/wp-content\/uploads\/2021\/06\/2020-09-13.png 400w, https:\/\/mudancasdifranca.com.br\/portal\/wp-content\/uploads\/2021\/06\/2020-09-13-300x297.png 300w, https:\/\/mudancasdifranca.com.br\/portal\/wp-content\/uploads\/2021\/06\/2020-09-13-150x150.png 150w\" alt=\"\" width=\"400\" height=\"396\" \/><\/p>\n<h3>Conhe\u00e7a\u00a0a empresa<\/h3>\n<p>A nossa empresa est\u00e1 no mercado desde 1986, realizando mudan\u00e7as residenciais e comerciais no munic\u00edpio de Franca\/SP e em todo territ\u00f3rio nacional.<\/p>\n<p>Temos como marcas: qualidade, responsabilidade, seguran\u00e7a, tranquilidade e respeito com voc\u00ea e a sua fam\u00edlia.<\/p>\n<p>Nossos colaboradores recebem treinamentos constantemente para realizar desmontagem, embalagem,\u00a0 transporte e montagem.<\/p>\n<p><a role=\"button\" href=\"http:\/\/mudancasdifranca.com.br\/portal\/dicas-de-mudanca\/\"><\/p>\n<p>Dicas de mudan\u00e7a<br \/>\n<\/a><\/p>\n","protected":false},"excerpt":{"rendered":"<p>Nossos\u00a0Servi\u00e7os Sua mudan\u00e7a est\u00e1 em boas m\u00e3os.\u00a0 A empresa possui seguro seguro de transporte e armazenamento pela seguradora Porto Seguro. Para garantir a prote\u00e7\u00e3o da sua mudan\u00e7a comercial e residencial e minimizar riscos e inconvenientes durante as opera\u00e7\u00f5es de transporte, dispomos de frota pr\u00f3pria, com ve\u00edculos equipados e adequados a todas as necessidades, al\u00e9m de [&hellip;]<\/p>\n","protected":false},"author":1,"featured_media":0,"parent":0,"menu_order":0,"comment_status":"closed","ping_status":"closed","template":"","meta":{"footnotes":""},"class_list":["post-42","page","type-page","status-publish","hentry"],"_links":{"self":[{"href":"http:\/\/mudancasdifranca.com.br\/portal\/wp-json\/wp\/v2\/pages\/42","targetHints":{"allow":["GET"]}}],"collection":[{"href":"http:\/\/mudancasdifranca.com.br\/portal\/wp-json\/wp\/v2\/pages"}],"about":[{"href":"http:\/\/mudancasdifranca.com.br\/portal\/wp-json\/wp\/v2\/types\/page"}],"author":[{"embeddable":true,"href":"http:\/\/mudancasdifranca.com.br\/portal\/wp-json\/wp\/v2\/users\/1"}],"replies":[{"embeddable":true,"href":"http:\/\/mudancasdifranca.com.br\/portal\/wp-json\/wp\/v2\/comments?post=42"}],"version-history":[{"count":128,"href":"http:\/\/mudancasdifranca.com.br\/portal\/wp-json\/wp\/v2\/pages\/42\/revisions"}],"predecessor-version":[{"id":469,"href":"http:\/\/mudancasdifranca.com.br\/portal\/wp-json\/wp\/v2\/pages\/42\/revisions\/469"}],"wp:attachment":[{"href":"http:\/\/mudancasdifranca.com.br\/portal\/wp-json\/wp\/v2\/media?parent=42"}],"curies":[{"name":"wp","href":"https:\/\/api.w.org\/{rel}","templated":true}]}}